{"id":16,"date":"2024-05-08T07:58:06","date_gmt":"2024-05-08T07:58:06","guid":{"rendered":"https:\/\/blogs.etsii.urjc.es\/activate\/?page_id=16"},"modified":"2024-05-08T09:12:12","modified_gmt":"2024-05-08T09:12:12","slug":"acerca-de","status":"publish","type":"page","link":"https:\/\/blogs.etsii.urjc.es\/activate\/acerca-de\/","title":{"rendered":"Acerca de"},"content":{"rendered":"<div class=\"wp-block-image\">\n<figure class=\"aligncenter size-full is-resized\"><img loading=\"lazy\" decoding=\"async\" width=\"782\" height=\"345\" src=\"https:\/\/blogs.etsii.urjc.es\/activate\/wp-content\/uploads\/sites\/11\/2024\/05\/ACTIVATE-es-1.png\" alt=\"\" class=\"wp-image-19\" style=\"width:668px;height:auto\" srcset=\"https:\/\/blogs.etsii.urjc.es\/activate\/wp-content\/uploads\/sites\/11\/2024\/05\/ACTIVATE-es-1.png 782w, https:\/\/blogs.etsii.urjc.es\/activate\/wp-content\/uploads\/sites\/11\/2024\/05\/ACTIVATE-es-1-300x132.png 300w, https:\/\/blogs.etsii.urjc.es\/activate\/wp-content\/uploads\/sites\/11\/2024\/05\/ACTIVATE-es-1-768x339.png 768w\" sizes=\"auto, (max-width: 782px) 100vw, 782px\" \/><\/figure>\n<\/div>\n\n\n<div style=\"height:40px\" aria-hidden=\"true\" class=\"wp-block-spacer\"><\/div>\n\n\n\n<h3 class=\"wp-block-heading has-text-align-left\">Grupo de Innovaci\u00f3n Docente Reconocido de Metodolog\u00edAs aCTIvas, eValuaci\u00f3n de competenciAs y Tecnolog\u00edas Educativas<\/h3>\n\n\n\n<p><a href=\"https:\/\/gestion2.urjc.es\/pdi\/grupos-innovacion\/activate\" target=\"_blank\" rel=\"noreferrer noopener\"><em>https:\/\/gestion2.urjc.es\/pdi\/grupos-innovacion\/activate<\/em><\/a><\/p>\n\n\n\n<p>Somos un grupo de de docentes innovadores de la URJC interesados en la mejora del aprendizaje de los estudiantes. Nuestro trabajo se centra sobre todo en los m\u00e9todos de\u00a0<strong>aprendizaje activo<\/strong>, la evaluaci\u00f3n y formaci\u00f3n por <strong>competencias<\/strong>, y las<strong> tecnolog\u00edas educativas<\/strong>.<\/p>\n\n\n\n<div class=\"wp-block-buttons is-content-justification-center is-layout-flex wp-container-core-buttons-is-layout-16018d1d wp-block-buttons-is-layout-flex\">\n<div class=\"wp-block-button is-style-outline is-style-outline--1\"><a class=\"wp-block-button__link has-text-align-center wp-element-button\" href=\"https:\/\/www.twitter.com\/ACTIVATE_urjc\">\u00a1S\u00edguenos en Twitter!<\/a><\/div>\n<\/div>\n","protected":false},"excerpt":{"rendered":"<p>Grupo de Innovaci\u00f3n Docente Reconocido de Metodolog\u00edAs aCTIvas, eValuaci\u00f3n de competenciAs y Tecnolog\u00edas Educativas https:\/\/gestion2.urjc.es\/pdi\/grupos-innovacion\/activate Somos un grupo de de docentes innovadores de la URJC interesados en la mejora del aprendizaje de los estudiantes. Nuestro trabajo se centra sobre todo en los m\u00e9todos de\u00a0aprendizaje activo, la evaluaci\u00f3n y formaci\u00f3n por <a href=\"https:\/\/blogs.etsii.urjc.es\/activate\/acerca-de\/\" class=\"btn btn-link continue-link\">Seguir leyendo<\/a><\/p>\n","protected":false},"author":119,"featured_media":0,"parent":0,"menu_order":0,"comment_status":"closed","ping_status":"closed","template":"","meta":{"footnotes":""},"class_list":["post-16","page","type-page","status-publish","hentry"],"_links":{"self":[{"href":"https:\/\/blogs.etsii.urjc.es\/activate\/wp-json\/wp\/v2\/pages\/16","targetHints":{"allow":["GET"]}}],"collection":[{"href":"https:\/\/blogs.etsii.urjc.es\/activate\/wp-json\/wp\/v2\/pages"}],"about":[{"href":"https:\/\/blogs.etsii.urjc.es\/activate\/wp-json\/wp\/v2\/types\/page"}],"author":[{"embeddable":true,"href":"https:\/\/blogs.etsii.urjc.es\/activate\/wp-json\/wp\/v2\/users\/119"}],"replies":[{"embeddable":true,"href":"https:\/\/blogs.etsii.urjc.es\/activate\/wp-json\/wp\/v2\/comments?post=16"}],"version-history":[{"count":13,"href":"https:\/\/blogs.etsii.urjc.es\/activate\/wp-json\/wp\/v2\/pages\/16\/revisions"}],"predecessor-version":[{"id":101,"href":"https:\/\/blogs.etsii.urjc.es\/activate\/wp-json\/wp\/v2\/pages\/16\/revisions\/101"}],"wp:attachment":[{"href":"https:\/\/blogs.etsii.urjc.es\/activate\/wp-json\/wp\/v2\/media?parent=16"}],"curies":[{"name":"wp","href":"https:\/\/api.w.org\/{rel}","templated":true}]}}