{"id":11,"date":"2020-10-20T18:21:37","date_gmt":"2020-10-20T18:21:37","guid":{"rendered":"https:\/\/blogs.etsii.urjc.es\/efitimetranss\/?page_id=11"},"modified":"2021-10-05T10:57:49","modified_gmt":"2021-10-05T10:57:49","slug":"lineas-de-investigacion","status":"publish","type":"page","link":"https:\/\/blogs.etsii.urjc.es\/efitimetranss\/lineas-de-investigacion\/","title":{"rendered":"L\u00edneas de Investigaci\u00f3n"},"content":{"rendered":"<p><strong>Expertos en las siguientes l\u00edneas de investigaci\u00f3n<\/strong><\/p>\n<ul>\n<li>DEA (Data Envelopment Analysis)<\/li>\n<li>Series Temporales<\/li>\n<li>Datos de Panel<\/li>\n<li>An\u00e1lisis de Transporte Urbano<\/li>\n<li>Big Data<\/li>\n<li>Redes Sociales<\/li>\n<li>Modelos de Ajuste y Predicci\u00f3n<\/li>\n<\/ul>\n<p>&nbsp;<\/p>\n<p>&nbsp;<\/p>\n","protected":false},"excerpt":{"rendered":"<p>Expertos en las siguientes l\u00edneas de investigaci\u00f3n DEA (Data Envelopment Analysis) Series Temporales Datos de Panel An\u00e1lisis de Transporte Urbano Big Data Redes Sociales Modelos de Ajuste y Predicci\u00f3n &nbsp; &nbsp;<\/p>\n","protected":false},"author":10,"featured_media":0,"parent":0,"menu_order":0,"comment_status":"closed","ping_status":"closed","template":"","meta":{"footnotes":""},"class_list":["post-11","page","type-page","status-publish","hentry"],"_links":{"self":[{"href":"https:\/\/blogs.etsii.urjc.es\/efitimetranss\/wp-json\/wp\/v2\/pages\/11","targetHints":{"allow":["GET"]}}],"collection":[{"href":"https:\/\/blogs.etsii.urjc.es\/efitimetranss\/wp-json\/wp\/v2\/pages"}],"about":[{"href":"https:\/\/blogs.etsii.urjc.es\/efitimetranss\/wp-json\/wp\/v2\/types\/page"}],"author":[{"embeddable":true,"href":"https:\/\/blogs.etsii.urjc.es\/efitimetranss\/wp-json\/wp\/v2\/users\/10"}],"replies":[{"embeddable":true,"href":"https:\/\/blogs.etsii.urjc.es\/efitimetranss\/wp-json\/wp\/v2\/comments?post=11"}],"version-history":[{"count":4,"href":"https:\/\/blogs.etsii.urjc.es\/efitimetranss\/wp-json\/wp\/v2\/pages\/11\/revisions"}],"predecessor-version":[{"id":100,"href":"https:\/\/blogs.etsii.urjc.es\/efitimetranss\/wp-json\/wp\/v2\/pages\/11\/revisions\/100"}],"wp:attachment":[{"href":"https:\/\/blogs.etsii.urjc.es\/efitimetranss\/wp-json\/wp\/v2\/media?parent=11"}],"curies":[{"name":"wp","href":"https:\/\/api.w.org\/{rel}","templated":true}]}}