{"id":57,"date":"2025-01-30T12:18:00","date_gmt":"2025-01-30T11:18:00","guid":{"rendered":"https:\/\/blogs.etsii.urjc.es\/musa\/?page_id=57"},"modified":"2026-02-12T12:43:49","modified_gmt":"2026-02-12T11:43:49","slug":"horarios","status":"publish","type":"page","link":"https:\/\/blogs.etsii.urjc.es\/musa\/horarios\/","title":{"rendered":"Horarios y calendario"},"content":{"rendered":"\n<h4 class=\"wp-block-heading\">Horarios<\/h4>\n\n\n\n<p><strong>Horario provisional del curso 2026-2027:<\/strong><\/p>\n\n\n\n<ul class=\"wp-block-list\">\n<li>Primer cuatrimestre.<\/li>\n<\/ul>\n\n\n\n<figure class=\"wp-block-table is-style-stripes\"><table class=\"has-fixed-layout\"><tbody><tr><td><\/td><td><strong>Lunes<\/strong><\/td><td><strong>Martes<\/strong><\/td><td><strong>Mi\u00e9rcoles<\/strong><\/td><td><strong>Jueves<\/strong><\/td><td><strong>Viernes<\/strong><\/td><\/tr><tr><td><strong>16:00 &#8211; 18:00<\/strong><\/td><td>Introducci\u00f3n al <em>Sports Analytics<\/em><\/td><td>An\u00e1lisis de las capacidades f\u00edsicas y fisiol\u00f3gicas del deportista<\/td><td>Obtenci\u00f3n y almacenamiento de datos deportivos<\/td><td>Programaci\u00f3n orientada al an\u00e1lisis de datos<\/td><td>An\u00e1lisis de datos en el deporte<\/td><\/tr><tr><td><strong>18:00 &#8211; 20:00<\/strong><\/td><td>Ciencia de datos en proyectos deportivos<\/td><td>Programaci\u00f3n orientada al an\u00e1lisis de datos<\/td><td>An\u00e1lisis de datos en el deporte<\/td><td>An\u00e1lisis t\u00e9cnico-t\u00e1ctico del entrenamiento y competici\u00f3n en el deporte<\/td><td><em>Big Data Processing<\/em> I<\/td><\/tr><\/tbody><\/table><\/figure>\n\n\n\n<ul class=\"wp-block-list\">\n<li>Segundo cuatrimestre.<\/li>\n<\/ul>\n\n\n\n<figure class=\"wp-block-table is-style-stripes\"><table class=\"has-fixed-layout\"><tbody><tr><td><\/td><td><strong>Lunes<\/strong><\/td><td><strong>Martes<\/strong><\/td><td><strong>Mi\u00e9rcoles<\/strong><\/td><td><strong>Jueves<\/strong><\/td><td><strong>Viernes<\/strong><\/td><\/tr><tr><td><strong>16:00 &#8211; 18:00<\/strong><\/td><td>Aprendizaje autom\u00e1tico<\/td><td><em>Big Data Processing<\/em> II<\/td><td>Optativa 1<\/td><td>Introducci\u00f3n a la investigaci\u00f3n en an\u00e1lisis de datos deportivos<\/td><td>TFM<\/td><\/tr><tr><td><strong>18:00 &#8211; 20:00<\/strong><\/td><td>Visualizaci\u00f3n y comunicaci\u00f3n de datos deportivos<\/td><td>Introducci\u00f3n a la investigaci\u00f3n en an\u00e1lisis de datos deportivos<\/td><td>Seminarios<\/td><td>Optativa 2<\/td><td><\/td><\/tr><\/tbody><\/table><\/figure>\n\n\n\n<h4 class=\"wp-block-heading\">Calendario<\/h4>\n\n\n\n<p><strong>Calendario provisional del curso 2026-2027:<\/strong><\/p>\n\n\n\n<ul class=\"wp-block-list\">\n<li>Las clases del primer semestre empezar\u00e1n el 23 de septiembre y acabar\u00e1n el 22 de diciembre.<\/li>\n\n\n\n<li>Las clases del segundo semestre empezar\u00e1n el 27 de enero y acabar\u00e1n el 11 de mayo.<\/li>\n<\/ul>\n\n\n\n<p><\/p>\n","protected":false},"excerpt":{"rendered":"<p>Horarios Horario provisional del curso 2026-2027: Lunes Martes Mi\u00e9rcoles Jueves Viernes 16:00 &#8211; 18:00 Introducci\u00f3n al Sports Analytics An\u00e1lisis de [&hellip;]<\/p>\n","protected":false},"author":262,"featured_media":0,"parent":0,"menu_order":0,"comment_status":"closed","ping_status":"closed","template":"","meta":{"site-sidebar-layout":"default","site-content-layout":"","ast-site-content-layout":"default","site-content-style":"default","site-sidebar-style":"default","ast-global-header-display":"","ast-banner-title-visibility":"","ast-main-header-display":"","ast-hfb-above-header-display":"","ast-hfb-below-header-display":"","ast-hfb-mobile-header-display":"","site-post-title":"","ast-breadcrumbs-content":"","ast-featured-img":"","footer-sml-layout":"","ast-disable-related-posts":"","theme-transparent-header-meta":"","adv-header-id-meta":"","stick-header-meta":"","header-above-stick-meta":"","header-main-stick-meta":"","header-below-stick-meta":"","astra-migrate-meta-layouts":"default","ast-page-background-enabled":"default","ast-page-background-meta":{"desktop":{"background-color":"var(--ast-global-color-5)","background-image":"","background-repeat":"repeat","background-position":"center center","background-size":"auto","background-attachment":"scroll","background-type":"","background-media":"","overlay-type":"","overlay-color":"","overlay-opacity":"","overlay-gradient":""},"tablet":{"background-color":"","background-image":"","background-repeat":"repeat","background-position":"center center","background-size":"auto","background-attachment":"scroll","background-type":"","background-media":"","overlay-type":"","overlay-color":"","overlay-opacity":"","overlay-gradient":""},"mobile":{"background-color":"","background-image":"","background-repeat":"repeat","background-position":"center center","background-size":"auto","background-attachment":"scroll","background-type":"","background-media":"","overlay-type":"","overlay-color":"","overlay-opacity":"","overlay-gradient":""}},"ast-content-background-meta":{"desktop":{"background-color":"var(--ast-global-color-4)","background-image":"","background-repeat":"repeat","background-position":"center center","background-size":"auto","background-attachment":"scroll","background-type":"","background-media":"","overlay-type":"","overlay-color":"","overlay-opacity":"","overlay-gradient":""},"tablet":{"background-color":"var(--ast-global-color-4)","background-image":"","background-repeat":"repeat","background-position":"center center","background-size":"auto","background-attachment":"scroll","background-type":"","background-media":"","overlay-type":"","overlay-color":"","overlay-opacity":"","overlay-gradient":""},"mobile":{"background-color":"var(--ast-global-color-4)","background-image":"","background-repeat":"repeat","background-position":"center center","background-size":"auto","background-attachment":"scroll","background-type":"","background-media":"","overlay-type":"","overlay-color":"","overlay-opacity":"","overlay-gradient":""}},"footnotes":""},"class_list":["post-57","page","type-page","status-publish","hentry"],"_links":{"self":[{"href":"https:\/\/blogs.etsii.urjc.es\/musa\/wp-json\/wp\/v2\/pages\/57","targetHints":{"allow":["GET"]}}],"collection":[{"href":"https:\/\/blogs.etsii.urjc.es\/musa\/wp-json\/wp\/v2\/pages"}],"about":[{"href":"https:\/\/blogs.etsii.urjc.es\/musa\/wp-json\/wp\/v2\/types\/page"}],"author":[{"embeddable":true,"href":"https:\/\/blogs.etsii.urjc.es\/musa\/wp-json\/wp\/v2\/users\/262"}],"replies":[{"embeddable":true,"href":"https:\/\/blogs.etsii.urjc.es\/musa\/wp-json\/wp\/v2\/comments?post=57"}],"version-history":[{"count":8,"href":"https:\/\/blogs.etsii.urjc.es\/musa\/wp-json\/wp\/v2\/pages\/57\/revisions"}],"predecessor-version":[{"id":293,"href":"https:\/\/blogs.etsii.urjc.es\/musa\/wp-json\/wp\/v2\/pages\/57\/revisions\/293"}],"wp:attachment":[{"href":"https:\/\/blogs.etsii.urjc.es\/musa\/wp-json\/wp\/v2\/media?parent=57"}],"curies":[{"name":"wp","href":"https:\/\/api.w.org\/{rel}","templated":true}]}}