{"id":61,"date":"2025-01-30T12:18:28","date_gmt":"2025-01-30T11:18:28","guid":{"rendered":"https:\/\/blogs.etsii.urjc.es\/musa\/?page_id=61"},"modified":"2025-02-12T12:46:16","modified_gmt":"2025-02-12T11:46:16","slug":"trabajo-de-fin-de-master","status":"publish","type":"page","link":"https:\/\/blogs.etsii.urjc.es\/musa\/trabajo-de-fin-de-master\/","title":{"rendered":"Trabajo de Fin de M\u00e1ster"},"content":{"rendered":"\n<h3 class=\"wp-block-heading\">Informaci\u00f3n general y reglamento del TFM<\/h3>\n\n\n\n<p>Los Trabajos Fin de M\u00e1ster (TFM) del MUSA siguen el\u00a0<a href=\"https:\/\/www.urjc.es\/images\/Universidad\/Presentacion\/normativa\/Normativa_Trabajo_Fin_de_Master.pdf\">reglamento<\/a>\u00a0de la Universidad Rey Juan Carlos.<\/p>\n\n\n\n<p>Como la convocatoria es indefinida, los alumnos del MUSA pueden presentar el TFM en cualquier momento (desde el 1 de septiembre hasta el 31 de julio).<\/p>\n\n\n\n<p>Todos los trabajos deben estar tutelados por un profesor del MUSA que debe registrarlo en la&nbsp;<a href=\"https:\/\/gestion2.urjc.es\/tfm\/login\">plataforma web de gesti\u00f3n de TFMs<\/a>&nbsp;(en adelante \u00abla plataforma\u00bb). A continuaci\u00f3n el alumno debe de aceptar dicha propuesta. Finalmente, cuando todas las asignaturas est\u00e1n aprobadas el tutor puede solicitar la defensa utilizando la plataforma, comprobando la originalidad autom\u00e1ticamente y proponiendo un tribunal. En ese momento el director del m\u00e1ster comprueba si el alumno tiene aprobadas todas las asignaturas y autoriza la defensa.<\/p>\n\n\n\n<p>En la web del MUSA se recogen&nbsp;<a href=\"https:\/\/mastervisionartificial.es\/category\/ofertas-tfm\">propuestas de TFM<\/a>&nbsp;por parte de los profesores. Por otro lado, si alg\u00fan alumno est\u00e1 interesado en desarrollar su propia idea puede contactar con el profesor que crea m\u00e1s conveniente para su tutela.<\/p>\n\n\n\n<h3 class=\"wp-block-heading\">Pasos a seguir en el proceso de elaboraci\u00f3n del TFM<\/h3>\n\n\n\n<ol class=\"wp-block-list\">\n<li>El alumno busca un profesor que le dirija el TFM.<\/li>\n\n\n\n<li>El tutor&nbsp;<a href=\"https:\/\/gestion2.urjc.es\/tfm\/login\">registra en la plataforma<\/a>&nbsp;el TFM.<\/li>\n\n\n\n<li>El alumno acepta el TFM&nbsp;<a href=\"https:\/\/gestion2.urjc.es\/tfm\/login\">en la plataforma<\/a>.<\/li>\n\n\n\n<li>Cuando el tutor y el alumno consideran que han terminado el trabajo, el alumno sube el PDF con la memoria y solicita la defensa del TFM&nbsp;<a href=\"https:\/\/gestion2.urjc.es\/tfm\/login\">en la plataforma<\/a>.<\/li>\n\n\n\n<li>Cuando es aceptada la defensa se realiza un acto p\u00fablico de defensa del TFM en fecha y hora acordada por alumno\/tutor\/tribunal.<\/li>\n\n\n\n<li>Finalizada la defensa se entrega al director del MUVA:\n<ol class=\"wp-block-list\">\n<li>La memoria en formato f\u00edsico o digital.<\/li>\n\n\n\n<li>El acta con la nota y los informes razonados, todo firmado por el tribunal (ver documentos adjuntos).<\/li>\n<\/ol>\n<\/li>\n\n\n\n<li>Cuando el director del MUVA registra la nota en el acta el alumno puede solicitar el t\u00edtulo de m\u00e1ster en la oficina de registro de posgrado.<\/li>\n\n\n\n<li>El alumno puede&nbsp;<a href=\"https:\/\/eciencia.urjc.es\/page\/howtopublish\">publicar su TFM<\/a>&nbsp;en la biblioteca de la universidad.<\/li>\n<\/ol>\n\n\n\n<p>Cualquier incidencia en el proceso debe dirigirse al tutor, al director del M\u00e1ster o a&nbsp;&nbsp;<a href=\"http:\/\/ayuda.urjc.es\/\">http:\/\/ayuda.urjc.es<\/a>.<\/p>\n","protected":false},"excerpt":{"rendered":"<p>Informaci\u00f3n general y reglamento del TFM Los Trabajos Fin de M\u00e1ster (TFM) del MUSA siguen el\u00a0reglamento\u00a0de la Universidad Rey Juan [&hellip;]<\/p>\n","protected":false},"author":262,"featured_media":0,"parent":0,"menu_order":0,"comment_status":"closed","ping_status":"closed","template":"","meta":{"site-sidebar-layout":"default","site-content-layout":"","ast-site-content-layout":"default","site-content-style":"default","site-sidebar-style":"default","ast-global-header-display":"","ast-banner-title-visibility":"","ast-main-header-display":"","ast-hfb-above-header-display":"","ast-hfb-below-header-display":"","ast-hfb-mobile-header-display":"","site-post-title":"","ast-breadcrumbs-content":"","ast-featured-img":"","footer-sml-layout":"","ast-disable-related-posts":"","theme-transparent-header-meta":"","adv-header-id-meta":"","stick-header-meta":"","header-above-stick-meta":"","header-main-stick-meta":"","header-below-stick-meta":"","astra-migrate-meta-layouts":"default","ast-page-background-enabled":"default","ast-page-background-meta":{"desktop":{"background-color":"var(--ast-global-color-5)","background-image":"","background-repeat":"repeat","background-position":"center center","background-size":"auto","background-attachment":"scroll","background-type":"","background-media":"","overlay-type":"","overlay-color":"","overlay-opacity":"","overlay-gradient":""},"tablet":{"background-color":"","background-image":"","background-repeat":"repeat","background-position":"center center","background-size":"auto","background-attachment":"scroll","background-type":"","background-media":"","overlay-type":"","overlay-color":"","overlay-opacity":"","overlay-gradient":""},"mobile":{"background-color":"","background-image":"","background-repeat":"repeat","background-position":"center center","background-size":"auto","background-attachment":"scroll","background-type":"","background-media":"","overlay-type":"","overlay-color":"","overlay-opacity":"","overlay-gradient":""}},"ast-content-background-meta":{"desktop":{"background-color":"var(--ast-global-color-4)","background-image":"","background-repeat":"repeat","background-position":"center center","background-size":"auto","background-attachment":"scroll","background-type":"","background-media":"","overlay-type":"","overlay-color":"","overlay-opacity":"","overlay-gradient":""},"tablet":{"background-color":"var(--ast-global-color-4)","background-image":"","background-repeat":"repeat","background-position":"center center","background-size":"auto","background-attachment":"scroll","background-type":"","background-media":"","overlay-type":"","overlay-color":"","overlay-opacity":"","overlay-gradient":""},"mobile":{"background-color":"var(--ast-global-color-4)","background-image":"","background-repeat":"repeat","background-position":"center center","background-size":"auto","background-attachment":"scroll","background-type":"","background-media":"","overlay-type":"","overlay-color":"","overlay-opacity":"","overlay-gradient":""}},"footnotes":""},"class_list":["post-61","page","type-page","status-publish","hentry"],"_links":{"self":[{"href":"https:\/\/blogs.etsii.urjc.es\/musa\/wp-json\/wp\/v2\/pages\/61","targetHints":{"allow":["GET"]}}],"collection":[{"href":"https:\/\/blogs.etsii.urjc.es\/musa\/wp-json\/wp\/v2\/pages"}],"about":[{"href":"https:\/\/blogs.etsii.urjc.es\/musa\/wp-json\/wp\/v2\/types\/page"}],"author":[{"embeddable":true,"href":"https:\/\/blogs.etsii.urjc.es\/musa\/wp-json\/wp\/v2\/users\/262"}],"replies":[{"embeddable":true,"href":"https:\/\/blogs.etsii.urjc.es\/musa\/wp-json\/wp\/v2\/comments?post=61"}],"version-history":[{"count":5,"href":"https:\/\/blogs.etsii.urjc.es\/musa\/wp-json\/wp\/v2\/pages\/61\/revisions"}],"predecessor-version":[{"id":241,"href":"https:\/\/blogs.etsii.urjc.es\/musa\/wp-json\/wp\/v2\/pages\/61\/revisions\/241"}],"wp:attachment":[{"href":"https:\/\/blogs.etsii.urjc.es\/musa\/wp-json\/wp\/v2\/media?parent=61"}],"curies":[{"name":"wp","href":"https:\/\/api.w.org\/{rel}","templated":true}]}}