{"id":1766,"date":"2025-09-03T10:59:27","date_gmt":"2025-09-03T08:59:27","guid":{"rendered":"https:\/\/blogs.etsii.urjc.es\/museo\/?page_id=1766"},"modified":"2026-03-26T16:26:32","modified_gmt":"2026-03-26T15:26:32","slug":"noticias","status":"publish","type":"page","link":"https:\/\/blogs.etsii.urjc.es\/museo\/noticias\/","title":{"rendered":"Noticias"},"content":{"rendered":"\n<ul class=\"wp-block-list\">\n<li><strong>27 de marzo de 2026:<\/strong> <a href=\"https:\/\/blogs.etsii.urjc.es\/museo\/museo\/cerrado-por-semana-santa-2026\/\" data-type=\"post\" data-id=\"2069\">Cerrado por Semana Santa<\/a><\/li>\n\n\n\n<li><strong>19 de diciembre de 2025:<\/strong> <a href=\"https:\/\/blogs.etsii.urjc.es\/museo\/museo\/museo\/cerrado-por-navidad-2025\/\" data-type=\"post\" data-id=\"632\">Cerrado por Navidad<\/a><\/li>\n\n\n\n<li><strong>20 de noviembre de 2025:<\/strong>&nbsp;Ya se han resuelto los problemas t\u00e9cnicos que ten\u00edamos en nuestra web desde el mes de septiembre. En los pr\u00f3ximos d\u00edas iremos recuperando el contenido publicado desde abril hasta septiembre. Disculpad las molestias<\/li>\n\n\n\n<li><strong>15 de octubre de 2025:<\/strong> <a href=\"https:\/\/blogs.etsii.urjc.es\/museo\/museo\/toma-de-posesion-del-nuevo-director-de-la-etsii-y-de-su-equipo-directivo\/\" data-type=\"post\" data-id=\"1801\">Toma de posesi\u00f3n del nuevo director de la ETSII y de su equipo directivo<\/a><\/li>\n\n\n\n<li><strong>3 de septiembre de 2025:<\/strong> <a href=\"https:\/\/blogs.etsii.urjc.es\/museo\/museo\/museo\/oferta-de-beca-de-colaboracion\/\" data-type=\"post\" data-id=\"1774\">Oferta de beca de colaboraci\u00f3n<\/a><\/li>\n\n\n\n<li><strong>3 de septiembre de 2025:<\/strong> <a href=\"https:\/\/blogs.etsii.urjc.es\/museo\/museo\/museo\/iniciamos-el-curso-2025-2026\/\" data-type=\"post\" data-id=\"1758\">Iniciamos el curso 2025\/2026<\/a><\/li>\n\n\n\n<li><strong>31 de julio de 2025:<\/strong> <a href=\"https:\/\/blogs.etsii.urjc.es\/museo\/museo\/museo\/museo-cerrado-por-vacaciones\/\" data-type=\"post\" data-id=\"1746\">Museo cerrado por vacaciones<\/a><\/li>\n\n\n\n<li><strong>11 de abril de 2025:<\/strong> <a href=\"https:\/\/blogs.etsii.urjc.es\/museo\/museo\/museo\/cerrado-por-semana-santa-2025\/\" data-type=\"post\" data-id=\"1560\">Cerrado por Semana Santa<\/a><\/li>\n\n\n\n<li><strong>21 de marzo de 2025:<\/strong> <a href=\"https:\/\/blogs.etsii.urjc.es\/museo\/museo\/museo\/el-museo-permanecera-cerrado-hoy-por-inclemencias-meteorologicas\/\" data-type=\"post\" data-id=\"1493\">El Museo permanecer\u00e1 cerrado hoy por inclemencias meteorol\u00f3gicas<\/a><\/li>\n\n\n\n<li><strong>28 de febrero de 2025:<\/strong> <a href=\"https:\/\/blogs.etsii.urjc.es\/museo\/museo\/museo\/el-rector-de-la-urjc-inaugura-nuestro-museo\/\" data-type=\"post\" data-id=\"1338\">El Rector de la URJC inaugura nuestro Museo<\/a><\/li>\n\n\n\n<li><strong>14 de febrero de 2025:<\/strong> <a href=\"https:\/\/blogs.etsii.urjc.es\/museo\/museo\/museo\/inauguracion-oficial-de-nuestro-museo\/\" data-type=\"post\" data-id=\"813\">Anuncio de la inauguraci\u00f3n oficial de nuestro Museo<\/a><\/li>\n\n\n\n<li><strong>20 de diciembre de 2024:<\/strong> <a href=\"https:\/\/blogs.etsii.urjc.es\/museo\/museo\/museo\/cerrado-por-navidad-2024\/\" data-type=\"post\" data-id=\"632\">Cerrado por Navidad<\/a><\/li>\n\n\n\n<li><strong>18 de diciembre de 2024:<\/strong> <a href=\"https:\/\/blogs.etsii.urjc.es\/museo\/museo\/historia\/concurso-por-el-decimo-aniversario-de-pac-man\/\" data-type=\"post\" data-id=\"620\">Concurso por el d\u00e9cimo aniversario de Pac-Man<\/a><\/li>\n\n\n\n<li><strong>12 de diciembre de 2024:<\/strong> <a href=\"https:\/\/blogs.etsii.urjc.es\/museo\/museo\/museo\/montaje-al-100\/\" data-type=\"post\" data-id=\"611\">El montaje de la exposici\u00f3n alcanza el 100 %<\/a><\/li>\n\n\n\n<li><strong>23 de octubre de 2024:<\/strong> <a href=\"https:\/\/blogs.etsii.urjc.es\/museo\/museo\/museo\/comienza-el-montaje-de-nuestro-museo\/\" data-type=\"post\" data-id=\"465\">Comienza el montaje de nuestro Museo<\/a><\/li>\n<\/ul>\n\n\n\n<p><\/p>\n","protected":false},"excerpt":{"rendered":"","protected":false},"author":12,"featured_media":0,"parent":0,"menu_order":4,"comment_status":"closed","ping_status":"closed","template":"","meta":{"site-sidebar-layout":"default","site-content-layout":"","ast-site-content-layout":"default","site-content-style":"default","site-sidebar-style":"default","ast-global-header-display":"","ast-banner-title-visibility":"","ast-main-header-display":"","ast-hfb-above-header-display":"","ast-hfb-below-header-display":"","ast-hfb-mobile-header-display":"","site-post-title":"","ast-breadcrumbs-content":"","ast-featured-img":"","footer-sml-layout":"","ast-disable-related-posts":"","theme-transparent-header-meta":"","adv-header-id-meta":"","stick-header-meta":"","header-above-stick-meta":"","header-main-stick-meta":"","header-below-stick-meta":"","astra-migrate-meta-layouts":"default","ast-page-background-enabled":"default","ast-page-background-meta":{"desktop":{"background-color":"var(--ast-global-color-4)","background-image":"","background-repeat":"repeat","background-position":"center center","background-size":"auto","background-attachment":"scroll","background-type":"","background-media":"","overlay-type":"","overlay-color":"","overlay-opacity":"","overlay-gradient":""},"tablet":{"background-color":"","background-image":"","background-repeat":"repeat","background-position":"center center","background-size":"auto","background-attachment":"scroll","background-type":"","background-media":"","overlay-type":"","overlay-color":"","overlay-opacity":"","overlay-gradient":""},"mobile":{"background-color":"","background-image":"","background-repeat":"repeat","background-position":"center center","background-size":"auto","background-attachment":"scroll","background-type":"","background-media":"","overlay-type":"","overlay-color":"","overlay-opacity":"","overlay-gradient":""}},"ast-content-background-meta":{"desktop":{"background-color":"var(--ast-global-color-5)","background-image":"","background-repeat":"repeat","background-position":"center center","background-size":"auto","background-attachment":"scroll","background-type":"","background-media":"","overlay-type":"","overlay-color":"","overlay-opacity":"","overlay-gradient":""},"tablet":{"background-color":"var(--ast-global-color-5)","background-image":"","background-repeat":"repeat","background-position":"center center","background-size":"auto","background-attachment":"scroll","background-type":"","background-media":"","overlay-type":"","overlay-color":"","overlay-opacity":"","overlay-gradient":""},"mobile":{"background-color":"var(--ast-global-color-5)","background-image":"","background-repeat":"repeat","background-position":"center center","background-size":"auto","background-attachment":"scroll","background-type":"","background-media":"","overlay-type":"","overlay-color":"","overlay-opacity":"","overlay-gradient":""}},"footnotes":""},"class_list":["post-1766","page","type-page","status-publish","hentry"],"_links":{"self":[{"href":"https:\/\/blogs.etsii.urjc.es\/museo\/wp-json\/wp\/v2\/pages\/1766","targetHints":{"allow":["GET"]}}],"collection":[{"href":"https:\/\/blogs.etsii.urjc.es\/museo\/wp-json\/wp\/v2\/pages"}],"about":[{"href":"https:\/\/blogs.etsii.urjc.es\/museo\/wp-json\/wp\/v2\/types\/page"}],"author":[{"embeddable":true,"href":"https:\/\/blogs.etsii.urjc.es\/museo\/wp-json\/wp\/v2\/users\/12"}],"replies":[{"embeddable":true,"href":"https:\/\/blogs.etsii.urjc.es\/museo\/wp-json\/wp\/v2\/comments?post=1766"}],"version-history":[{"count":16,"href":"https:\/\/blogs.etsii.urjc.es\/museo\/wp-json\/wp\/v2\/pages\/1766\/revisions"}],"predecessor-version":[{"id":2097,"href":"https:\/\/blogs.etsii.urjc.es\/museo\/wp-json\/wp\/v2\/pages\/1766\/revisions\/2097"}],"wp:attachment":[{"href":"https:\/\/blogs.etsii.urjc.es\/museo\/wp-json\/wp\/v2\/media?parent=1766"}],"curies":[{"name":"wp","href":"https:\/\/api.w.org\/{rel}","templated":true}]}}