{"id":252,"date":"2023-10-24T11:24:33","date_gmt":"2023-10-24T09:24:33","guid":{"rendered":"https:\/\/blogs.etsii.urjc.es\/museo\/?page_id=252"},"modified":"2025-02-25T19:41:28","modified_gmt":"2025-02-25T18:41:28","slug":"vitrina-4","status":"publish","type":"page","link":"https:\/\/blogs.etsii.urjc.es\/museo\/exposicion\/vitrina-4\/","title":{"rendered":"Vitrina 4"},"content":{"rendered":"\n<p>Esta vitrina est\u00e1 dedicada a diversos PC de los a\u00f1os 80 y 90.<\/p>\n\n\n\n<figure class=\"wp-block-image aligncenter size-large\"><img loading=\"lazy\" decoding=\"async\" width=\"575\" height=\"1024\" src=\"https:\/\/blogs.etsii.urjc.es\/museo\/wp-content\/uploads\/sites\/12\/2025\/02\/vitrina4-575x1024.jpg\" alt=\"\" class=\"wp-image-1192\" srcset=\"https:\/\/blogs.etsii.urjc.es\/museo\/wp-content\/uploads\/sites\/12\/2025\/02\/vitrina4-575x1024.jpg 575w, https:\/\/blogs.etsii.urjc.es\/museo\/wp-content\/uploads\/sites\/12\/2025\/02\/vitrina4-169x300.jpg 169w, https:\/\/blogs.etsii.urjc.es\/museo\/wp-content\/uploads\/sites\/12\/2025\/02\/vitrina4-768x1367.jpg 768w, https:\/\/blogs.etsii.urjc.es\/museo\/wp-content\/uploads\/sites\/12\/2025\/02\/vitrina4-863x1536.jpg 863w, https:\/\/blogs.etsii.urjc.es\/museo\/wp-content\/uploads\/sites\/12\/2025\/02\/vitrina4-1150x2048.jpg 1150w, https:\/\/blogs.etsii.urjc.es\/museo\/wp-content\/uploads\/sites\/12\/2025\/02\/vitrina4-scaled.jpg 1438w\" sizes=\"auto, (max-width: 575px) 100vw, 575px\" \/><\/figure>\n\n\n\n<hr class=\"wp-block-separator has-alpha-channel-opacity\" \/>\n\n\n\n<p>La balda superior muestra un ordenador Sinclair PC 200 (1988). Se trata de un intento de la empresa <a href=\"https:\/\/blogs.etsii.urjc.es\/museo\/exposicion\/vitrina-4\/\" data-type=\"page\" data-id=\"252\">Sinclair<\/a>, responsable del exitoso ZX Spectrum, de adentrarse en el mundo de los cl\u00f3nicos compatibles con el IBM PC. Sin embargo, la fecha en la que se sac\u00f3 al mercado este ordenador fue ligeramente posterior a la compra de Sinclair por parte de <a href=\"https:\/\/blogs.etsii.urjc.es\/museo\/exposicion\/vitrina-4\/\" data-type=\"page\" data-id=\"252\">Amstrad<\/a> (1986), de forma que algunos ordenadores llevan el logo de Sinclair y otros el de Amstrad. El ordenador que mostramos aqu\u00ed tiene el logo de Sinclair, pero, al encenderlo, pone en pantalla tanto Sinclair como Amstrad.<\/p>\n\n\n\n<p>El PC 200 sigue la estela del <a href=\"https:\/\/blogs.etsii.urjc.es\/museo\/exposicion\/vitrina-4\/\" data-type=\"page\" data-id=\"252\">Commodore 64<\/a> y otros ordenadores de la \u00e9poca en el sentido de que el teclado est\u00e1 integrado en la torre. Puede conectarse a un monitor o a un televisor, algo que lo hace muy vers\u00e1til, y dispone tambi\u00e9n de una disquetera de 3 1\/2&#8243;, as\u00ed como conectores para rat\u00f3n, joystick e impresora. Es, como puede verse, un modelo profesional orientado a los negocios, no tanto al mundo de los videojuegos.<\/p>\n\n\n\n<p>Como complemento, incluimos en esta balda un par de disquetes de 3 1\/2&#8243;: uno con el disco de arranque del <a href=\"https:\/\/blogs.etsii.urjc.es\/museo\/exposicion\/vitrina-5\/\" data-type=\"page\" data-id=\"254\">sistema operativo MS-DOS 3.3<\/a> y el <a href=\"https:\/\/blogs.etsii.urjc.es\/museo\/exposicion\/vitrina-5\/\" data-type=\"page\" data-id=\"254\">lenguaje de programaci\u00f3n GW-BASIC<\/a>, y otro con el sistema de ventanas GEM\/3. Tambi\u00e9n pueden contemplarse dos manuales de uso de este ordenador.<\/p>\n\n\n\n<figure class=\"wp-block-image aligncenter size-large\"><img loading=\"lazy\" decoding=\"async\" width=\"1024\" height=\"575\" src=\"https:\/\/blogs.etsii.urjc.es\/museo\/wp-content\/uploads\/sites\/12\/2025\/02\/vitrina4-1-1024x575.jpg\" alt=\"\" class=\"wp-image-1247\" srcset=\"https:\/\/blogs.etsii.urjc.es\/museo\/wp-content\/uploads\/sites\/12\/2025\/02\/vitrina4-1-1024x575.jpg 1024w, https:\/\/blogs.etsii.urjc.es\/museo\/wp-content\/uploads\/sites\/12\/2025\/02\/vitrina4-1-300x169.jpg 300w, https:\/\/blogs.etsii.urjc.es\/museo\/wp-content\/uploads\/sites\/12\/2025\/02\/vitrina4-1-768x431.jpg 768w, https:\/\/blogs.etsii.urjc.es\/museo\/wp-content\/uploads\/sites\/12\/2025\/02\/vitrina4-1-1536x863.jpg 1536w, https:\/\/blogs.etsii.urjc.es\/museo\/wp-content\/uploads\/sites\/12\/2025\/02\/vitrina4-1-2048x1150.jpg 2048w\" sizes=\"auto, (max-width: 1024px) 100vw, 1024px\" \/><\/figure>\n\n\n\n<hr class=\"wp-block-separator has-alpha-channel-opacity\" \/>\n\n\n\n<p>La segunda balda por arriba contiene el que, probablemente, sea el objeto m\u00e1s ex\u00f3tico de nuestra colecci\u00f3n. Se trata del ordenador Computec S\/1 de primera mitad de los a\u00f1os 80. Fue producido por la empresa Computer Technology de Espa\u00f1a, con un dise\u00f1o de la circuiter\u00eda y un proceso de fabricaci\u00f3n 100 %<em> Made in Spain<\/em>. Puede considerarse el intento espa\u00f1ol de competir con los PC de IBM en el momento en el que se estaban eligiendo los ordenadores para equipar las por aquel entonces nuevas aulas de Inform\u00e1tica de los centros de ense\u00f1anza primaria y secundaria de toda la geograf\u00eda nacional, en lo que se denomin\u00f3 <a href=\"https:\/\/www.libreria.educacion.gob.es\/libro\/proyectos-atenea-y-mercurio-programa-de-nuevas-tecnologias-de-la-informacion-y-de-la-comunicacion-p-n-t-i-c_170934\/\" target=\"_blank\" rel=\"noreferrer noopener\">Proyecto Atenea<\/a>. A pesar de que se compraron algunos equipos del Computec, en torno a unos 150, finalmente el Ministerio de Educaci\u00f3n se decant\u00f3 por modelos de otras marcas como Olivetti o Investr\u00f3nica.<\/p>\n\n\n\n<p>El Computec que aqu\u00ed mostramos tiene el nombre ligeramente borrado en la parte frontal. Consta de dos disqueteras de 5 1\/4&#8243; y no trae disco duro. Le faltan la pantalla y el teclado, que funcionan a modo de terminal, es decir, el teclado se conectar\u00eda a la pantalla y es esta la que se conectar\u00eda a la torre. La memoria RAM era de solo 64 kB. <\/p>\n\n\n\n<p>Debemos decir que el Computec S\/1 no fue un \u00e9xito comercial. En primer lugar, debido a su alto precio. Un anuncio publicado en el <a href=\"https:\/\/www.abc.es\/archivo\/buscador\/?tipo=todos&amp;fecha=1984-12-11&amp;allWords=sandoval\" target=\"_blank\" rel=\"noreferrer noopener\">diario ABC en diciembre de 1984<\/a> mostraba un precio de 450.000 pts. (unos 2700 \u20ac), diez veces m\u00e1s que un Spectrum 48K de 41.900 pts. (unos 250 \u20ac). Por otro lado, el procesador elegido era un procesador de 8 bits, el <a href=\"https:\/\/blogs.etsii.urjc.es\/museo\/exposicion\/vitrina-6\/\" data-type=\"page\" data-id=\"256\">Zilog Z80<\/a>, como el del <a href=\"https:\/\/blogs.etsii.urjc.es\/museo\/exposicion\/vitrina-3\/\" data-type=\"page\" data-id=\"250\">ZX Spectrum<\/a>, y usaba el <a href=\"https:\/\/blogs.etsii.urjc.es\/museo\/exposicion\/vitrina-5\/\" data-type=\"page\" data-id=\"254\">sistema operativo CP\/M<\/a>. Era, por tanto, incompatible con los PC basados en el procesador Intel 8088 y que utilizaban MS-DOS. Esta diferente arquitectura y el auge de los PC le provoc\u00f3 una gran ausencia de aplicaciones, lo que contribuy\u00f3 a su mala acogida.<\/p>\n\n\n\n<p>Complementan esta balda dos ejemplares de la revista &#8220;El Ordenador Personal&#8221; (1984-1985). En uno de ellos puede verse un <a href=\"https:\/\/archive.org\/details\/OrdenadorPersonalMagazine\/OrdenadorPersonalIssue23\/page\/n5\/mode\/2up\" target=\"_blank\" rel=\"noreferrer noopener\">anuncio a toda p\u00e1gina<\/a> del Computec con el simp\u00e1tico eslogan &#8220;\u00a1Me ha dejado tieso!&#8221;. En el otro, hay un reportaje de 7 p\u00e1ginas con un an\u00e1lisis de las bondades y defectos de este computador.<\/p>\n\n\n\n<figure class=\"wp-block-image aligncenter size-large\"><img loading=\"lazy\" decoding=\"async\" width=\"1024\" height=\"575\" src=\"https:\/\/blogs.etsii.urjc.es\/museo\/wp-content\/uploads\/sites\/12\/2025\/02\/vitrina4-2-1024x575.jpg\" alt=\"\" class=\"wp-image-1248\" srcset=\"https:\/\/blogs.etsii.urjc.es\/museo\/wp-content\/uploads\/sites\/12\/2025\/02\/vitrina4-2-1024x575.jpg 1024w, https:\/\/blogs.etsii.urjc.es\/museo\/wp-content\/uploads\/sites\/12\/2025\/02\/vitrina4-2-300x169.jpg 300w, https:\/\/blogs.etsii.urjc.es\/museo\/wp-content\/uploads\/sites\/12\/2025\/02\/vitrina4-2-768x431.jpg 768w, https:\/\/blogs.etsii.urjc.es\/museo\/wp-content\/uploads\/sites\/12\/2025\/02\/vitrina4-2-1536x863.jpg 1536w, https:\/\/blogs.etsii.urjc.es\/museo\/wp-content\/uploads\/sites\/12\/2025\/02\/vitrina4-2-2048x1150.jpg 2048w\" sizes=\"auto, (max-width: 1024px) 100vw, 1024px\" \/><\/figure>\n\n\n\n<hr class=\"wp-block-separator has-alpha-channel-opacity\" \/>\n\n\n\n<p>En la segunda balda por abajo, tenemos 3 ejemplos de port\u00e1tiles PC (en contraposici\u00f3n a los port\u00e1tiles Apple de la <a href=\"https:\/\/blogs.etsii.urjc.es\/museo\/exposicion\/vitrina-8\/\" data-type=\"page\" data-id=\"260\">vitrina 8<\/a>). Se trata de un Compaq LTE Lite 4\/25C (1994), un Toshiba S320CDS (1996) y un IBM ThinkPad de 13&#8243; (2004). Se da la casualidad de que disponemos de la versi\u00f3n de 14&#8243; del ThinkPad (2002), pero no lo tenemos expuesto.<\/p>\n\n\n\n<figure class=\"wp-block-image aligncenter size-large\"><img loading=\"lazy\" decoding=\"async\" width=\"1024\" height=\"575\" src=\"https:\/\/blogs.etsii.urjc.es\/museo\/wp-content\/uploads\/sites\/12\/2025\/02\/vitrina4-3-1024x575.jpg\" alt=\"\" class=\"wp-image-1249\" srcset=\"https:\/\/blogs.etsii.urjc.es\/museo\/wp-content\/uploads\/sites\/12\/2025\/02\/vitrina4-3-1024x575.jpg 1024w, https:\/\/blogs.etsii.urjc.es\/museo\/wp-content\/uploads\/sites\/12\/2025\/02\/vitrina4-3-300x169.jpg 300w, https:\/\/blogs.etsii.urjc.es\/museo\/wp-content\/uploads\/sites\/12\/2025\/02\/vitrina4-3-768x431.jpg 768w, https:\/\/blogs.etsii.urjc.es\/museo\/wp-content\/uploads\/sites\/12\/2025\/02\/vitrina4-3-1536x863.jpg 1536w, https:\/\/blogs.etsii.urjc.es\/museo\/wp-content\/uploads\/sites\/12\/2025\/02\/vitrina4-3-2048x1150.jpg 2048w\" sizes=\"auto, (max-width: 1024px) 100vw, 1024px\" \/><\/figure>\n\n\n\n<hr class=\"wp-block-separator has-alpha-channel-opacity\" \/>\n\n\n\n<p>Por \u00faltimo, en la balda inferior encontramos un PC compatible con IBM XT, modelo Ataio 640 (1989). Incorpora dos disqueteras, una de 3 1\/2&#8243; y otra de 5 1\/4&#8243; (la de 3 1\/2&#8243; no es la original y fue sustituida por otra equivalente). El monitor es de tipo EGA. Completa el equipo un teclado de formato espa\u00f1ol (este ordenador no utilizaba rat\u00f3n). Este ordenador nos lleg\u00f3 con un disco duro de 20 MB, que fue extra\u00eddo porque estaba estropeado, de forma que el ordenador es funcional cargando el <a href=\"https:\/\/blogs.etsii.urjc.es\/museo\/exposicion\/vitrina-5\/\" data-type=\"page\" data-id=\"254\">sistema operativo MS-DOS 3.3<\/a> desde disquete.<\/p>\n\n\n\n<p>En la esquina derecha mostramos tambi\u00e9n dos cajas de disquetes de la marca 3M, unos de 3 1\/2&#8243; y otros de 5 1\/4&#8243;.<\/p>\n\n\n\n<p>Finalmente, podemos contemplar un rat\u00f3n de bola de 3 botones (1991). Va acompa\u00f1ado de una dedicatoria para M.\u00aa Victoria Rodellar Biarge, la que fuera directora del <a href=\"https:\/\/mhi.ws.fi.upm.es\/\" target=\"_blank\" rel=\"noreferrer noopener\">Museo Hist\u00f3rico de la Inform\u00e1tica de la Facultad de Inform\u00e1tica de la Universidad Polit\u00e9cnica de Madrid<\/a>.<\/p>\n\n\n\n<figure class=\"wp-block-image aligncenter size-large\"><img loading=\"lazy\" decoding=\"async\" width=\"1024\" height=\"575\" src=\"https:\/\/blogs.etsii.urjc.es\/museo\/wp-content\/uploads\/sites\/12\/2025\/02\/vitrina4-4-1024x575.jpg\" alt=\"\" class=\"wp-image-1250\" srcset=\"https:\/\/blogs.etsii.urjc.es\/museo\/wp-content\/uploads\/sites\/12\/2025\/02\/vitrina4-4-1024x575.jpg 1024w, https:\/\/blogs.etsii.urjc.es\/museo\/wp-content\/uploads\/sites\/12\/2025\/02\/vitrina4-4-300x169.jpg 300w, https:\/\/blogs.etsii.urjc.es\/museo\/wp-content\/uploads\/sites\/12\/2025\/02\/vitrina4-4-768x431.jpg 768w, https:\/\/blogs.etsii.urjc.es\/museo\/wp-content\/uploads\/sites\/12\/2025\/02\/vitrina4-4-1536x863.jpg 1536w, https:\/\/blogs.etsii.urjc.es\/museo\/wp-content\/uploads\/sites\/12\/2025\/02\/vitrina4-4-2048x1150.jpg 2048w\" sizes=\"auto, (max-width: 1024px) 100vw, 1024px\" \/><\/figure>\n\n\n\n<hr class=\"wp-block-separator has-alpha-channel-opacity\" \/>\n\n\n\n<p>A continuaci\u00f3n, listamos el contenido detallado de cada una de las baldas de esta vitrina:<\/p>\n\n\n\n<figure class=\"wp-block-table\"><table class=\"has-fixed-layout\"><tbody><tr><td>* Libro &#8220;Microsoft GW-BASIC Gu\u00eda del usuario&#8221;<br>* Ordenador Sinclair Professional Series PC 200 (integrado todo en uno), con disquetes de arranque<br>* Libro &#8220;Manual del usuario y gu\u00eda del MS-DOS y GEM\/3&#8221;<\/td><\/tr><tr><td>* Ordenador de Computer Technology de Espa\u00f1a, modelo Computec S\/1 (solo torre)<br>* Anuncio del Computec S\/1 publicado en la revista &#8220;El Ordenador Personal&#8221;, n\u00famero 23 (1984)<br>* Reportaje sobre el Computec S\/1 publicado en la revista &#8220;El Ordenador Personal&#8221;, n\u00famero 36 (mayo 1985)<\/td><\/tr><tr><td>* Port\u00e1til Compaq LTE Lite 4\/25C<br>* Port\u00e1til Toshiba S320CDS<br>* Port\u00e1til IBM ThinkPad 13&#8243;<\/td><\/tr><tr><td>* Ordenador PC Ataio 640 Superturbo\/XT, con monitor EGA marca Addonics y teclado<br>* Dos cajas de disquetes 3M (una de 5 1\/4&#8243;, todav\u00eda con el pl\u00e1stico sin abrir, y otra de 3 1\/2&#8243;)<br>* Rat\u00f3n de bola de 3 botones Sysgration modelo KEM-260<\/td><\/tr><\/tbody><\/table><\/figure>\n\n\n\n<figure class=\"wp-block-table\"><table class=\"has-fixed-layout\"><tbody><tr><td><a href=\"https:\/\/blogs.etsii.urjc.es\/museo\/exposicion\/vitrina-3\/\" data-type=\"page\" data-id=\"250\">Vitrina 3<\/a><\/td><td class=\"has-text-align-right\" data-align=\"right\"><a href=\"https:\/\/blogs.etsii.urjc.es\/museo\/exposicion\/vitrina-5\/\" data-type=\"page\" data-id=\"254\">Vitrina 5<\/a><\/td><\/tr><\/tbody><\/table><\/figure>\n","protected":false},"excerpt":{"rendered":"<p>Esta vitrina est\u00e1 dedicada a diversos PC de los a\u00f1os 80 y 90. La balda superior muestra un ordenador Sinclair PC 200 (1988). Se trata de un intento de la empresa Sinclair, responsable del exitoso ZX Spectrum, de adentrarse en el mundo de los cl\u00f3nicos compatibles con el IBM PC. Sin embargo, la fecha en [&hellip;]<\/p>\n","protected":false},"author":12,"featured_media":0,"parent":236,"menu_order":3,"comment_status":"closed","ping_status":"closed","template":"","meta":{"site-sidebar-layout":"default","site-content-layout":"","ast-site-content-layout":"default","site-content-style":"default","site-sidebar-style":"default","ast-global-header-display":"","ast-banner-title-visibility":"","ast-main-header-display":"","ast-hfb-above-header-display":"","ast-hfb-below-header-display":"","ast-hfb-mobile-header-display":"","site-post-title":"","ast-breadcrumbs-content":"","ast-featured-img":"","footer-sml-layout":"","ast-disable-related-posts":"","theme-transparent-header-meta":"","adv-header-id-meta":"","stick-header-meta":"","header-above-stick-meta":"","header-main-stick-meta":"","header-below-stick-meta":"","astra-migrate-meta-layouts":"default","ast-page-background-enabled":"default","ast-page-background-meta":{"desktop":{"background-color":"var(--ast-global-color-4)","background-image":"","background-repeat":"repeat","background-position":"center center","background-size":"auto","background-attachment":"scroll","background-type":"","background-media":"","overlay-type":"","overlay-color":"","overlay-opacity":"","overlay-gradient":""},"tablet":{"background-color":"","background-image":"","background-repeat":"repeat","background-position":"center center","background-size":"auto","background-attachment":"scroll","background-type":"","background-media":"","overlay-type":"","overlay-color":"","overlay-opacity":"","overlay-gradient":""},"mobile":{"background-color":"","background-image":"","background-repeat":"repeat","background-position":"center center","background-size":"auto","background-attachment":"scroll","background-type":"","background-media":"","overlay-type":"","overlay-color":"","overlay-opacity":"","overlay-gradient":""}},"ast-content-background-meta":{"desktop":{"background-color":"var(--ast-global-color-5)","background-image":"","background-repeat":"repeat","background-position":"center center","background-size":"auto","background-attachment":"scroll","background-type":"","background-media":"","overlay-type":"","overlay-color":"","overlay-opacity":"","overlay-gradient":""},"tablet":{"background-color":"var(--ast-global-color-5)","background-image":"","background-repeat":"repeat","background-position":"center center","background-size":"auto","background-attachment":"scroll","background-type":"","background-media":"","overlay-type":"","overlay-color":"","overlay-opacity":"","overlay-gradient":""},"mobile":{"background-color":"var(--ast-global-color-5)","background-image":"","background-repeat":"repeat","background-position":"center center","background-size":"auto","background-attachment":"scroll","background-type":"","background-media":"","overlay-type":"","overlay-color":"","overlay-opacity":"","overlay-gradient":""}},"footnotes":""},"class_list":["post-252","page","type-page","status-publish","hentry"],"_links":{"self":[{"href":"https:\/\/blogs.etsii.urjc.es\/museo\/wp-json\/wp\/v2\/pages\/252","targetHints":{"allow":["GET"]}}],"collection":[{"href":"https:\/\/blogs.etsii.urjc.es\/museo\/wp-json\/wp\/v2\/pages"}],"about":[{"href":"https:\/\/blogs.etsii.urjc.es\/museo\/wp-json\/wp\/v2\/types\/page"}],"author":[{"embeddable":true,"href":"https:\/\/blogs.etsii.urjc.es\/museo\/wp-json\/wp\/v2\/users\/12"}],"replies":[{"embeddable":true,"href":"https:\/\/blogs.etsii.urjc.es\/museo\/wp-json\/wp\/v2\/comments?post=252"}],"version-history":[{"count":29,"href":"https:\/\/blogs.etsii.urjc.es\/museo\/wp-json\/wp\/v2\/pages\/252\/revisions"}],"predecessor-version":[{"id":1259,"href":"https:\/\/blogs.etsii.urjc.es\/museo\/wp-json\/wp\/v2\/pages\/252\/revisions\/1259"}],"up":[{"embeddable":true,"href":"https:\/\/blogs.etsii.urjc.es\/museo\/wp-json\/wp\/v2\/pages\/236"}],"wp:attachment":[{"href":"https:\/\/blogs.etsii.urjc.es\/museo\/wp-json\/wp\/v2\/media?parent=252"}],"curies":[{"name":"wp","href":"https:\/\/api.w.org\/{rel}","templated":true}]}}