{"id":83,"date":"2023-10-18T11:53:01","date_gmt":"2023-10-18T09:53:01","guid":{"rendered":"https:\/\/blogs.etsii.urjc.es\/museo\/?page_id=83"},"modified":"2025-12-18T10:32:02","modified_gmt":"2025-12-18T09:32:02","slug":"quienes-somos","status":"publish","type":"page","link":"https:\/\/blogs.etsii.urjc.es\/museo\/quienes-somos\/","title":{"rendered":"Qui\u00e9nes somos"},"content":{"rendered":"\n<p>La idea de crear un museo en la <a href=\"https:\/\/www.urjc.es\/etsii\" target=\"_blank\" rel=\"noreferrer noopener\">Escuela T\u00e9cnica Superior de Ingenier\u00eda Inform\u00e1tica (ETSII)<\/a> de la <a href=\"https:\/\/www.urjc.es\/\" target=\"_blank\" rel=\"noreferrer noopener\">Universidad Rey Juan Carlos (URJC)<\/a> ha rondado por los diferentes equipos de direcci\u00f3n de nuestra Escuela durante muchos a\u00f1os. <\/p>\n\n\n\n<p>Aproximadamente <strong>entre 2013 y 2014<\/strong> el <a href=\"https:\/\/gestion2.urjc.es\/pdi\/ver\/cesar.caceres\" target=\"_blank\" rel=\"noreferrer noopener\">prof. C\u00e9sar C\u00e1ceres Taladriz<\/a> empez\u00f3 a recopilar viejos ordenadores y componentes, que iba acumulando en su despacho. Aprovechaba para ense\u00f1\u00e1rselos a sus estudiantes de un par de asignaturas, &#8220;Introducci\u00f3n a la Inform\u00e1tica&#8221; y &#8220;Laboratorio de PCs&#8221;.<\/p>\n\n\n\n<p>El Museo empez\u00f3 a materializarse de forma m\u00e1s concreta en <strong>febrero de 2019<\/strong>, cuando se aprob\u00f3 el nombramiento en Junta de Escuela del <a href=\"https:\/\/gestion2.urjc.es\/pdi\/ver\/angel.serrano\" data-type=\"link\" data-id=\"https:\/\/gestion2.urjc.es\/pdi\/ver\/angel.serrano\" target=\"_blank\" rel=\"noreferrer noopener\">prof. \u00c1ngel Serrano S\u00e1nchez de Le\u00f3n<\/a> como <strong>comisario del Museo<\/strong>. Como primera medida, se cre\u00f3 el perfil de Twitter: <a href=\"https:\/\/twitter.com\/ETSIIMuseo\" target=\"_blank\" rel=\"noreferrer noopener\">@ETSIIMuseo<\/a>.<\/p>\n\n\n\n<p>En los inicios no ten\u00edamos pr\u00e1cticamente nada. Puesto que nos fundamentamos en las <a href=\"https:\/\/blogs.etsii.urjc.es\/museo\/donaciones\/\" data-type=\"page\" data-id=\"64\">donaciones<\/a> que realiza el p\u00fablico general, nuestra colecci\u00f3n fue creciendo muy lentamente. Despu\u00e9s lleg\u00f3 el covid y eso ralentiz\u00f3 a\u00fan m\u00e1s los trabajos de catalogaci\u00f3n de los objetos que \u00edbamos recibiendo.<\/p>\n\n\n\n<p>En estos primeros a\u00f1os, colabor\u00f3 intensamente con el Museo el estudiante <strong>Christian Fabian D\u00edaz Silva<\/strong>, del <a href=\"https:\/\/www.urjc.es\/estudios\/grado\/628-ingenieria-informatica\" target=\"_blank\" rel=\"noreferrer noopener\">grado en Ingenier\u00eda Inform\u00e1tica<\/a>, que present\u00f3 en <strong>julio de 2020<\/strong> su Trabajo Fin de Grado sobre los Museos dedicados a la Inform\u00e1tica y los Videojuegos.<\/p>\n\n\n\n<p>La pandemia nos pill\u00f3 de lleno y supuso un par\u00f3n casi total de los trabajos de catalogaci\u00f3n <strong>entre marzo de 2020 y septiembre de 2021<\/strong>.<\/p>\n\n\n\n<p>En el <strong>primer trimestre de 2022<\/strong>, se incorpor\u00f3 como voluntario <strong>Alejandro Vargas Lugo<\/strong>, m\u00e1s conocido como <a href=\"https:\/\/x.com\/tweetalexvar\" data-type=\"link\" data-id=\"https:\/\/x.com\/tweetalexvar\" target=\"_blank\" rel=\"noreferrer noopener\">Alexvar<\/a>, estudiante del <a href=\"https:\/\/www.urjc.es\/estudios\/doble-grado\/663-diseno-y-desarrollo-de-videojuegos-ingenieria-de-computadores\" target=\"_blank\" rel=\"noreferrer noopener\">doble grado en Ingenier\u00eda de Computadores y Dise\u00f1o y Desarrollo de Videojuegos<\/a>, que est\u00e1 siendo una inestimable ayuda en las labores de catalogaci\u00f3n y recuperaci\u00f3n de ordenadores estropeados. Durante el curso 2024\/2025, Alejandro est\u00e1 disfrutando de una <strong>beca de colaboraci\u00f3n<\/strong> con nosotros mientras termina sus estudios.<\/p>\n\n\n\n<figure class=\"wp-block-gallery has-nested-images columns-default is-cropped wp-block-gallery-1 is-layout-flex wp-block-gallery-is-layout-flex\">\n<figure class=\"wp-block-image aligncenter size-large is-style-rounded\"><img loading=\"lazy\" decoding=\"async\" width=\"771\" height=\"1024\" data-id=\"1326\" src=\"https:\/\/blogs.etsii.urjc.es\/museo\/wp-content\/uploads\/sites\/12\/2025\/02\/IMG_20250228_114803-771x1024.jpg\" alt=\"\" class=\"wp-image-1326\" srcset=\"https:\/\/blogs.etsii.urjc.es\/museo\/wp-content\/uploads\/sites\/12\/2025\/02\/IMG_20250228_114803-771x1024.jpg 771w, https:\/\/blogs.etsii.urjc.es\/museo\/wp-content\/uploads\/sites\/12\/2025\/02\/IMG_20250228_114803-226x300.jpg 226w, https:\/\/blogs.etsii.urjc.es\/museo\/wp-content\/uploads\/sites\/12\/2025\/02\/IMG_20250228_114803-768x1020.jpg 768w, https:\/\/blogs.etsii.urjc.es\/museo\/wp-content\/uploads\/sites\/12\/2025\/02\/IMG_20250228_114803-1157x1536.jpg 1157w, https:\/\/blogs.etsii.urjc.es\/museo\/wp-content\/uploads\/sites\/12\/2025\/02\/IMG_20250228_114803-1542x2048.jpg 1542w, https:\/\/blogs.etsii.urjc.es\/museo\/wp-content\/uploads\/sites\/12\/2025\/02\/IMG_20250228_114803-scaled.jpg 1928w\" sizes=\"auto, (max-width: 771px) 100vw, 771px\" \/><figcaption class=\"wp-element-caption\">\u00c1ngel Serrano (izquierda) y Alejandro Vargas (derecha)<\/figcaption><\/figure>\n<\/figure>\n\n\n\n<p>A partir de <strong>2023 <\/strong>empezamos a realizar actividades de cara al p\u00fablico, mucho antes de la inauguraci\u00f3n. En concreto, en <strong>febrero<\/strong>, participamos en las jornadas <a href=\"https:\/\/blogs.etsii.urjc.es\/museo\/actividades\/etsii-job-days-2023\/\" data-type=\"post\" data-id=\"95\">ETSII Job Days<\/a> en el d\u00eda dedicado a las empresas de videojuegos. All\u00ed mostramos algunos de los ordenadores y videoconsolas de nuestra colecci\u00f3n y los visitantes de las jornadas pudieron jugar a grandes cl\u00e1sicos como Super Mario Bros., Sonic, La Abad\u00eda del Crimen, Prince of Persia, Doom, entre otros. En <strong>noviembre<\/strong>, tambi\u00e9n realizamos una jornada de m\u00e1quinas encendidas con motivo de la <a href=\"https:\/\/blogs.etsii.urjc.es\/museo\/actividades\/jornada-de-maquinas-encendidas-semana-de-la-ciencia-2023\/\" data-type=\"post\" data-id=\"330\">Semana de la Ciencia y la Innovaci\u00f3n<\/a>. <\/p>\n\n\n\n<p>El a\u00f1o <strong>2024<\/strong> comenz\u00f3 con la creaci\u00f3n de nuestro perfil en el portal YouTube: <a href=\"https:\/\/www.youtube.com\/@ETSIIMuseo\" target=\"_blank\" rel=\"noreferrer noopener\">@ETSIIMuseo<\/a>. En <strong>junio <\/strong>participamos en las <a href=\"https:\/\/blogs.etsii.urjc.es\/museo\/actividades\/jornada-de-puertas-abiertas-de-la-urjc\/\" data-type=\"post\" data-id=\"393\">jornadas de puertas abiertas para futuros estudiantes y familias<\/a>. <a href=\"https:\/\/blogs.etsii.urjc.es\/museo\/museo\/comienza-el-montaje-de-nuestro-museo\/\" data-type=\"post\" data-id=\"465\">La exposici\u00f3n comenz\u00f3 a montarse<\/a> entre <strong>octubre<\/strong> y <a href=\"https:\/\/blogs.etsii.urjc.es\/museo\/museo\/el-montaje-de-la-exposicion-alcanza-el-100-por-100\/\" data-type=\"post\" data-id=\"611\">se termin\u00f3<\/a> <strong>diciembre<\/strong>. En <strong>noviembre<\/strong>, con la exposici\u00f3n a medio instalar, ya tuvimos la <a href=\"https:\/\/blogs.etsii.urjc.es\/museo\/visitas\/primera-visita-guiada-a-nuestro-museo\/\" data-type=\"post\" data-id=\"492\">primera visita guiada para estudiantes de Secundaria<\/a>.<\/p>\n\n\n\n<p>En <strong>febrero de 2025<\/strong> creamos tambi\u00e9n la cuenta en Bluesky: <a href=\"https:\/\/bsky.app\/profile\/etsiimuseo.bsky.social\" target=\"_blank\" rel=\"noreferrer noopener\">@ETSIIMuseo.bsky.social<\/a>. Pero lo m\u00e1s importante es que, tras unos trabajos preparativos que han durando seis a\u00f1os, la <a href=\"https:\/\/blogs.etsii.urjc.es\/museo\/museo\/el-rector-de-la-urjc-inaugura-nuestro-museo\/\" data-type=\"post\" data-id=\"1338\">inauguraci\u00f3n oficial del Museo<\/a> se produjo el <strong>28 de febrero de 2025<\/strong> (<a href=\"https:\/\/blogs.etsii.urjc.es\/museo\/museo\/discurso-de-inauguracion-de-nuestro-museo\/\" data-type=\"post\" data-id=\"1985\">ver v\u00eddeo de la inauguraci\u00f3n<\/a>). Hemos denominado a nuestro Museo como &#8220;de la Inform\u00e1tica y los Videojuegos&#8221;. Nuestra exposici\u00f3n es permanente, no temporal.<\/p>\n\n\n\n<p>Puedes conocer aqu\u00ed nuestra <a href=\"https:\/\/blogs.etsii.urjc.es\/museo\/actividades\/\" data-type=\"page\" data-id=\"48\">agenda de actividades<\/a>.<\/p>\n\n\n\n<p>\u00a1Esperamos que te guste la <a href=\"https:\/\/blogs.etsii.urjc.es\/museo\/visita\/\" data-type=\"page\" data-id=\"50\">visita<\/a>! Ponte en <a href=\"https:\/\/blogs.etsii.urjc.es\/museo\/contacto\/\" data-type=\"page\" data-id=\"69\">contacto<\/a> con nosotros si necesitas m\u00e1s informaci\u00f3n.<\/p>\n","protected":false},"excerpt":{"rendered":"<p>La idea de crear un museo en la Escuela T\u00e9cnica Superior de Ingenier\u00eda Inform\u00e1tica (ETSII) de la Universidad Rey Juan Carlos (URJC) ha rondado por los diferentes equipos de direcci\u00f3n de nuestra Escuela durante muchos a\u00f1os. Aproximadamente entre 2013 y 2014 el prof. C\u00e9sar C\u00e1ceres Taladriz empez\u00f3 a recopilar viejos ordenadores y componentes, que iba [&hellip;]<\/p>\n","protected":false},"author":12,"featured_media":0,"parent":0,"menu_order":1,"comment_status":"closed","ping_status":"closed","template":"","meta":{"site-sidebar-layout":"default","site-content-layout":"","ast-site-content-layout":"default","site-content-style":"default","site-sidebar-style":"default","ast-global-header-display":"","ast-banner-title-visibility":"","ast-main-header-display":"","ast-hfb-above-header-display":"","ast-hfb-below-header-display":"","ast-hfb-mobile-header-display":"","site-post-title":"","ast-breadcrumbs-content":"","ast-featured-img":"","footer-sml-layout":"","ast-disable-related-posts":"","theme-transparent-header-meta":"","adv-header-id-meta":"","stick-header-meta":"","header-above-stick-meta":"","header-main-stick-meta":"","header-below-stick-meta":"","astra-migrate-meta-layouts":"default","ast-page-background-enabled":"default","ast-page-background-meta":{"desktop":{"background-color":"var(--ast-global-color-4)","background-image":"","background-repeat":"repeat","background-position":"center center","background-size":"auto","background-attachment":"scroll","background-type":"","background-media":"","overlay-type":"","overlay-color":"","overlay-opacity":"","overlay-gradient":""},"tablet":{"background-color":"","background-image":"","background-repeat":"repeat","background-position":"center center","background-size":"auto","background-attachment":"scroll","background-type":"","background-media":"","overlay-type":"","overlay-color":"","overlay-opacity":"","overlay-gradient":""},"mobile":{"background-color":"","background-image":"","background-repeat":"repeat","background-position":"center center","background-size":"auto","background-attachment":"scroll","background-type":"","background-media":"","overlay-type":"","overlay-color":"","overlay-opacity":"","overlay-gradient":""}},"ast-content-background-meta":{"desktop":{"background-color":"var(--ast-global-color-5)","background-image":"","background-repeat":"repeat","background-position":"center center","background-size":"auto","background-attachment":"scroll","background-type":"","background-media":"","overlay-type":"","overlay-color":"","overlay-opacity":"","overlay-gradient":""},"tablet":{"background-color":"var(--ast-global-color-5)","background-image":"","background-repeat":"repeat","background-position":"center center","background-size":"auto","background-attachment":"scroll","background-type":"","background-media":"","overlay-type":"","overlay-color":"","overlay-opacity":"","overlay-gradient":""},"mobile":{"background-color":"var(--ast-global-color-5)","background-image":"","background-repeat":"repeat","background-position":"center center","background-size":"auto","background-attachment":"scroll","background-type":"","background-media":"","overlay-type":"","overlay-color":"","overlay-opacity":"","overlay-gradient":""}},"footnotes":""},"class_list":["post-83","page","type-page","status-publish","hentry"],"_links":{"self":[{"href":"https:\/\/blogs.etsii.urjc.es\/museo\/wp-json\/wp\/v2\/pages\/83","targetHints":{"allow":["GET"]}}],"collection":[{"href":"https:\/\/blogs.etsii.urjc.es\/museo\/wp-json\/wp\/v2\/pages"}],"about":[{"href":"https:\/\/blogs.etsii.urjc.es\/museo\/wp-json\/wp\/v2\/types\/page"}],"author":[{"embeddable":true,"href":"https:\/\/blogs.etsii.urjc.es\/museo\/wp-json\/wp\/v2\/users\/12"}],"replies":[{"embeddable":true,"href":"https:\/\/blogs.etsii.urjc.es\/museo\/wp-json\/wp\/v2\/comments?post=83"}],"version-history":[{"count":39,"href":"https:\/\/blogs.etsii.urjc.es\/museo\/wp-json\/wp\/v2\/pages\/83\/revisions"}],"predecessor-version":[{"id":1993,"href":"https:\/\/blogs.etsii.urjc.es\/museo\/wp-json\/wp\/v2\/pages\/83\/revisions\/1993"}],"wp:attachment":[{"href":"https:\/\/blogs.etsii.urjc.es\/museo\/wp-json\/wp\/v2\/media?parent=83"}],"curies":[{"name":"wp","href":"https:\/\/api.w.org\/{rel}","templated":true}]}}